c**3 + 3*c**2 - 2*c - 4. Suppose 2*d = -3*d + 15. Suppose 0 = d*g - 5*u - 9, 2*u + 3 = 2*g - g. Calculate p(g).
-10
Let a(g) be the third derivative of g**5/60 + 13*g**4/24 + 17*g**3/6 + g**2. Let s be (-1 - -7)*45/90 - 15. What is a(s)?
5
Suppose 0*i - 4*i - 28 = 0. Let n = -12 - i. Let j(w) = -w**2 - 6*w + 2. What is j(n)?
7
Let z(o) = 3*o - 7*o + 3*o + 0*o - 3. Let s(d) = -2*d - 5. Let v(w) = -6*s(w) + 10*z(w). Let i = -42 - -39. Calculate v(i).
-6
Let v(i) = 858*i - 853*i + 0*i**3 + 4*i**2 + i**3. Calculate v(-4).
-20
Let x(f) = f**3 + 2*f**2 + f. Let p be (-424)/(-12) + (-2)/6 + 4. Let a = p - 40. What is x(a)?
0
Let z(t) be the second derivative of -t**7/2520 + t**5/120 - t**4/6 + t + 3. Let b(d) be the third derivative of z(d). Determine b(0).
1
Let h(y) = -29 + 434*y**2 - 223*y**2 - 9*y - 212*y**2. Give h(-5).
-9
Let i(r) be the first derivative of 8*r**3/3 + r**2 + r - 669. Determine i(-1).
7
Let d(v) = -v**3 + v + 6. Let c be d(-3). Let b = c + -17. Suppose 0 = -5*r + 22 + b. Let l(j) = -j**2 + 8*j. What is l(r)?
7
Let v(h) be the third derivative of h**4/8 - 7*h**3 + 401*h**2 - 2*h. Determine v(18).
12
Let o(h) = -h**3 + 5*h**2 + 2*h - 6. Let s be o(5). Let t be 1 + 2*((-34)/s + 4). Let x(k) = -k**3 - 9*k**2 - 9*k + 10. Calculate x(t).
18
Let z(x) = x - 4. Let l(s) = 27. Let t(k) = l(k) + 6*z(k). Give t(3).
21
Let f(n) = -n**2 - 6*n + 7. Let u be f(1). Let r(y) = y**2 + 9. Determine r(u).
9
Let o(u) = -u**3 + 2*u**2 + 3*u**2 + 20 + 6*u - 6 - 17. Let v(h) = -h**2 + 11*h - 12. Let g be v(9). Determine o(g).
-3
Let j(i) = i**2 - i + 1. Let g = -24 + 42. Suppose 4*o + 6 = g. Suppose o*w - 6 = w. Calculate j(w).
7
Let w(n) = -2*n + 4. Let d(c) = 2*c**2 + 4. Let l be 6/(-16) - 3/(-8). Let s be d(l). Determine w(s).
-4
Let x(t) be the second derivative of 0 + 0*t**2 - 1/120*t**5 + 1/3*t**3 + 1/8*t**4 + t. Let s(b) be the second derivative of x(b). Calculate s(5).
-2
Let o(k) = 100*k + 3. Let h(m) = -54*m - 1. Let c(j) = -11*h(j) - 6*o(j). Determine c(-2).
5
Suppose -3*u = -0*u + 9. Let z(v) = -8*v**2 + 3*v - 14. Let c(w) = -3*w**2 + w - 6. Let d(o) = -5*c(o) + 2*z(o). Give d(u).
-10
Suppose 0 = 3*m - 5*c - 2980, 5*m - 7284 = -3*c - 2272. Let u(j) = 2*j**2 - m + 1000. Suppose 5*t - t + 8 = 0. Determine u(t).
8
Let v be ((-60)/16)/(-5)*12. Let r(z) = -4*z + 1. Let h(d) = -d**2 - 16*d + 3. Let g(w) = v*r(w) - 2*h(w). Let j(o) = -o + 1. Let t be j(-2). Calculate g(t).
9
Let q = 52 + -38. Suppose -6 = 3*i + f, -2*f = 5*i + f + q. Let m(v) be the second derivative of 5*v**4/12 - v**3/6 - v. Calculate m(i).
6
Let t(x) = x**2 + 2*x + 1. Suppose -5*w + 37 = z, z = -3*z + 3*w + 56. Suppose -z*d + 26 = -8. Calculate t(d).
9
Let r(f) be the second derivative of f**3/6 - 6*f**2 + 40*f. Give r(9).
-3
Let c(l) = 3*l - 2*l + 4 + 0*l. Suppose -5*z - 5*t = 0, 5*z - 8*t = -9*t + 12. Calculate c(z).
7
Let h = -15 + 39/2. Let n(p) be the first derivative of 8*p - h*p**2 + 1/3*p**3 - 2. Calculate n(6).
-10
Let z be (-22)/121 - (-2)/11. Let x(l) = -l**2 - l + 2. Let d be x(0). Let w(g) = d*g + 6*g + 6 + 5*g**2 - g**3 - 5 + z*g**3. Calculate w(6).
13
Let a(q) = -q**2 + 4. Suppose 5*b + 0*b = 0. Let j = b - -5. Suppose -2*w + 5*c + 11 = 0, -c = -2*w - j*c + 2. Give a(w).
-5
Let j(b) = b**3 - b**2 - b - 9. Let l = 25 + -26. Let s be (7 - 8)*(l + 1). Give j(s).
-9
Let q(m) = -m - 24. Let y be q(-28). Let w(g) be the second derivative of 2*g**2 + 0 + 4*g + 1/12*g**y + 2/3*g**3. Give w(-3).
1
Let s(a) = -1 + a**2 - a**2 - a**2. Let g(u) = 8*u - 3*u**2 + 11*u**3 - 10*u**3 - 6*u + 2. Let o be g(2). What is s(o)?
-5
Let x be (12/(-9))/(2/3). Let n(y) be the third derivative of -y**5/20 - y**4/12 - y**3/2 - 4*y**2 - 2. Determine n(x).
-11
Let h(d) = d**2 + 2*d - 4. Let a be ((-5)/((-10)/18))/1. Let l(f) = f**2 + 7*f - 4. Let g be l(-8). Let r = g - a. Calculate h(r).
11
Let r = 24 + -16. Let t(h) = 10*h**2 - 7797*h + 7799*h - h**3 - 2*h**2 - 9. Calculate t(r).
7
Let l(o) = o**2 - 16*o + 39. Let g be l(13). Let z(d) = g*d + 3*d + 0*d - 103*d**2 + d**3 + 98*d**2. Give z(2).
-6
Let n(t) = -t - 1. Let u(x) = x**3 - 2*x**2 - 2*x + 1. Let i be u(3). Suppose i*w - 66 = w. Let f be (-210)/66 + 4/w. Give n(f).
2
Let j(a) = -a**3 + 9*a**2 + 38*a - 31. Let b be j(12). Let q(c) be the third derivative of c**4/12 + 3*c**3/2 - c**2. Give q(b).
-5
Let g(b) = 2*b - 5. Let t be g(4). Let h(k) = -136*k**2 + 135*k**2 - 3*k - 6 - 2*k - t*k. Calculate h(-6).
6
Let d(b) = 6*b**2 - b + 1. Let p(t) = -t**2 - t + 1. Let a(g) = d(g) + 5*p(g). Let o be 15/(-10) + (-44)/(-8). What is a(o)?
-2
Let a(i) = -2*i - 2. Let k(y) = -y - 2. Let s(d) = 6*a(d) - 11*k(d). What is s(11)?
-1
Let k be -20 - -9 - (-9 - 0). Let r(j) be the first derivative of -j**4/4 - 2*j**3/3 - j - 2. Calculate r(k).
-1
Let s(g) be the third derivative of g**6/120 + 7*g**5/30 + 2*g**3/3 + 540*g**2. Determine s(-14).
4
Let n be 0 - (-196)/(-20) - (-11)/(-55). Let f(w) = 3*w + 7. What is f(n)?
-23
Suppose 0 = 70*d + 417 - 67. Let x(v) = -3*v - 3. What is x(d)?
12
Let v(h) = h - 13. Let i = 35 - 12. Suppose 5*d = 2*d - 3*q + 27, -3*d - 5*q + i = 0. What is v(d)?
-2
Let t = -16 - -14. Suppose 2*y = -5*w + 3 + 12, -5 = -y. Let c(a) = 5 + a**2 + w - 5 + 3*a. Calculate c(t).
-1
Let s be -3*(-7 + 5 + 3) + 6. Let c(q) be the second derivative of 1/20*q**5 + 0 + 3/2*q**2 + 1/4*q**4 + 3*q - 1/2*q**s. Calculate c(-4).
-1
Suppose -5*r + 10 = 5*y, 0 = 11*y - 13*y + 4*r - 2. Let p(u) = -3*u**2 - 2*u - 5. Let z(o) = 9*o**2 + 6*o + 14. Let c(l) = -17*p(l) - 6*z(l). Calculate c(y).
-4
Let w(o) = o + 4. Let p = 152 - 158. Determine w(p).
-2
Let x(q) = 2*q**2 + 10*q + 10. Let r be x(-4). Let w(y) = -3*y**2 + 3*y. Give w(r).
-6
Let m(g) = g**2 + 3*g - 6. Let x be m(2). Suppose 2*t + 0*t = -f + 13, t + x*f = 17. Let s(j) be the second derivative of -j**3/3 - j**2 - 5*j. What is s(t)?
-12
Let g(s) be the third derivative of 1/24*s**4 + 0*s + 1/3*s**3 + 0 - 14*s**2. What is g(-8)?
-6
Suppose 12 = 3*j - 3. Suppose 0 = -k - 3, -i + j*k + 23 - 6 = 0. Let l(c) = -c**2 - i + 4*c - 2 + 3*c - 3*c. Give l(4).
-4
Let w(m) be the third derivative of -m**5/30 - 31*m**4/24 + 5*m**3/3 - 340*m**2. Determine w(-16).
-6
Let z(h) be the first derivative of 0*h + 0*h**4 + 2/3*h**3 - 1/60*h**5 + 12 - 2*h**2. Let g(d) be the second derivative of z(d). What is g(0)?
4
Let g(t) = -11*t**3 + t - 1. Suppose 0 = 4*j - 37 - 7. Let q = 12 - j. Determine g(q).
-11
Let l be (8/10)/((12/15)/2). Let q(o) = 4*o**3 - 2. Determine q(l).
30
Let i(n) = -5*n + 6. Let p(r) = -121*r + 143. Let g(s) = 143*i(s) - 6*p(s). Suppose -4*x - 10 = -14. What is g(x)?
11
Let g be 19/2*(14 + -12). Let p = -18 + g. Let h(b) = 13 - b + 3 - 2 - p. What is h(6)?
7
Let k(v) be the third derivative of v**4/24 + v**3/3 + 443*v**2. What is k(7)?
9
Let w(x) = x**2 + 43*x - 191. Let y be w(4). Let g(s) = -s**3 - 7*s**2 - 5*s - 3. Calculate g(y).
-24
Let o(d) = d**3 - 3*d**2 - 3*d - 3. Let f be (1 - -3)/1 - (-84)/(-14). What is o(f)?
-17
Let i = 25 + -37. Let c = 7 + i. Let s(z) be the first derivative of z**4/4 + 4*z**3/3 - 5*z**2/2 - 4*z - 11. Calculate s(c).
-4
Suppose 13*h - 4*w + 18 = 10*h, h + 3*w + 6 = 0. Let c(x) = -10*x - 58. Determine c(h).
2
Let b(n) = 0*n**2 + 7 + n**2 - 3 - 10 - 5*n. What is b(7)?
8
Let b(v) be the second derivative of 2*v**3/3 + 3*v**2 + 6*v - 37. Calculate b(3).
18
Let d be (6/(-4))/(2/8). Let n be 8/(-5*(-8)/60). Let b(w) = 18 - n + 2*w**2 + 0*w**2 - 3*w**2 - 4*w. What is b(d)?
-6
Let y(t) = -1. Let w(h) = h**2 + 7*h - 10. Let l(v) = w(v) - 2*y(v). Let x(n) = n**3 - n**2 - 2*n + 1. Let d be x(-2). Calculate l(d).
-8
Let p(w) = -w**3 - 7*w**2 - 2*w - 7. Suppose a = i + 6, 3*a = -5*i - 7 - 7. Let d be i/(-14) + 4/(-14). Suppose u + 7 = -d. What is p(u)?
7
Let m(r) = r**3 - 8*r**2 + 7*r - 6. Suppose -4*i = 2*c + 24, -2*c = i + 7 - 1. Let f be (-50)/i + (-84)/63. Calculate m(f).
-6
Let f be (-2 - -1)/(5/(-15)). Let y(s) be the first derivative of -s**3/3 - s**2/2 - 6. Let q(r) = 4*r**2 + 5*r + 2. Let a(h) = -q(h) - 5*y(h). Give a(f).
7
Let o(s) be the third derivative of 0 + 1/120*s**6 - 1/2*s**3 + 0*s - 1/10*s**5 + 28*s**2 + 0*s**4. Determine o(6).
-3
Let b(d) = -15*d**2 + 4*d - 239. Let l(i) = 7*i**2 - 2*i + 110. Let f(g) = 6*b(g) + 13*l(g). Let j(a) = a**3 - 3*a + 2. Let k be j(